o base 11
-5
What is 11 (base 7) in base 9?
8
Convert 10 (base 4) to base 14.
4
What is 30 (base 4) in base 3?
110
Convert 223 (base 6) to base 11.
7a
3 (base 8) to base 13
3
28 (base 11) to base 13
24
Convert 14 (base 6) to base 16.
a
What is 24 (base 9) in base 5?
42
Convert 0 (base 6) to base 11.
0
Convert 2 (base 10) to base 15.
2
-1 (base 15) to base 9
-1
-4 (base 8) to base 2
-100
Convert -3 (base 4) to base 8.
-3
What is a (base 12) in base 10?
10
What is 23 (base 12) in base 11?
25
Convert -5 (base 10) to base 3.
-12
What is 21 (base 3) in base 7?
10
What is 43 (base 6) in base 8?
33
-33 (base 13) to base 14
-30
-210 (base 8) to base 14
-9a
12211 (base 3) to base 16
9d
Convert -22 (base 16) to base 7.
-46
1 (base 5) to base 8
1
-2 (base 3) to base 8
-2
0 (base 9) to base 2
0
-112 (base 6) to base 7
-62
92 (base 13) to base 9
142
What is 79 (base 15) in base 14?
82
Convert -4 (base 10) to base 7.
-4
-3 (base 7) to base 11
-3
433 (base 5) to base 3
11101
-132 (base 6) to base 12
-48
What is -21 (base 3) in base 4?
-13
-3a (base 11) to base 9
-47
Convert c (base 14) to base 9.
13
What is 1 (base 10) in base 8?
1
-3 (base 7) to base 16
-3
Convert 188 (base 10) to base 14.
d6
Convert 11 (base 3) to base 2.
100
154 (base 7) to base 15
5d
What is -10100 (base 2) in base 9?
-22
What is 7 (base 8) in base 2?
111
What is 10 (base 14) in base 2?
1110
What is -65 (base 10) in base 8?
-101
4 (base 11) to base 7
4
What is -18 (base 15) in base 11?
-21
Convert 101 (base 3) to base 11.
a
Convert 1 (base 7) to base 2.
1
What is -9 (base 12) in base 11?
-9
What is -11 (base 6) in base 15?
-7
What is -9c (base 16) in base 15?
-a6
What is -31 (base 6) in base 4?
-103
Convert -7 (base 14) to base 2.
-111
-3 (base 12) to base 9
-3
Convert -3 (base 12) to base 2.
-11
Convert -1 (base 7) to base 3.
-1
Convert a (base 15) to base 4.
22
Convert -7 (base 15) to base 12.
-7
What is 3 (base 14) in base 10?
3
-4 (base 8) to base 2
-100
Convert 8 (base 15) to base 16.
8
-b (base 16) to base 2
-1011
a7 (base 16) to base 8
247
-113 (base 5) to base 9
-36
Convert -2 (base 10) to base 3.
-2
What is 4 (base 14) in base 3?
11
14 (base 8) to base 15
c
-64 (base 12) to base 2
-1001100
Convert -83 (base 15) to base 12.
-a3
Convert -220 (base 9) to base 14.
-cc
Convert -1 (base 9) to base 5.
-1
What is -1011 (base 5) in base 6?
-335
Convert 1 (base 11) to base 16.
1
What is -72 (base 12) in base 2?
-1010110
-13 (base 9) to base 12
-10
What is 11 (base 6) in base 15?
7
-132 (base 14) to base 9
-286
66 (base 8) to base 7
105
Convert -30 (base 9) to base 6.
-43
Convert 2 (base 9) to base 13.
2
-101001 (base 2) to base 10
-41
Convert 2 (base 16) to base 11.
2
-5 (base 16) to base 5
-10
-1 (base 4) to base 10
-1
Convert -3c (base 14) to base 10.
-54
178 (base 10) to base 13
109
What is -1c7 (base 13) in base 5?
-2312
Convert 1111 (base 2) to base 5.
30
What is -3 (base 13) in base 10?
-3
Convert -115 (base 7) to base 10.
-61
What is 74 (base 16) in base 4?
1310
What is 221 (base 5) in base 7?
115
-10212 (base 3) to base 10
-104
Convert -50 (base 16) to base 3.
-2222
What is 5 (base 7) in base 10?
5
Convert 11 (base 13) to base 2.
1110
Convert -2 (base 3) to base 14.
-2
-21 (base 7) to base 14
-11
What is -13 (base 7) in base 16?
-a
-35 (base 12) to base 10
-41
-400 (base 5) to base 6
-244
Convert -10110 (base 2) to base 7.
-31
What is 11110 (base 2) in base 4?
132
Convert -a (base 15) to base 6.
-14
323 (base 5) to base 15
5d
What is -26 (base 9) in base 10?
-24
1 (base 16) to base 6
1
Convert 250 (base 10) to base 2.
11111010
Convert -16 (base 15) to base 4.
-111
-16 (base 14) to base 7
-26
Convert -11 (base 3) to base 6.
-4
What is 1 (base 16) in base 13?
1
What is -2001 (base 3) in base 9?
-61
-28 (base 13) to base 5
-114
0 (base 16) to base 10
0
6 (base 11) to base 13
6
2 (base 16) to base 2
10
What is -11001 (base 2) in base 12?
-21
What is 1001 (base 3) in base 16?
1c
What is -2 (base 7) in base 3?
-2
Convert -355 (base 6) to base 8.
-217
What is 25 (base 11) in base 10?
27
120 (base 3) to base 10
15
What is -11 (base 3) in base 11?
-4
Convert 221 (base 5) to base 12.
51
What is fc (base 16) in base 14?
140
Convert 14 (base 10) to base 16.
e
-3 (base 7) to base 10
-3
Convert -7 (base 9) to base 10.
-7
1 (base 6) to base 8
1
What is 0 (base 13) in base 7?
0
What is 19 (base 12) in base 10?
21
7 (base 9) to base 5
12
Convert c (base 16) to base 5.
22
-11 (base 2) to base 7
-3
What is 0 (base 14) in base 3?
0
11 (base 7) to base 2
1000
3a (base 14) to base 15
37
-40 (base 9) to base 7
-51
Convert -111 (base 6) to base 9.
-47
Convert 194 (base 14) to base 7.
644
11330 (base 4) to base 11
316
Convert 46 (base 7) to base 16.
22
What is -6 (base 13) in base 15?
-6
1101 (base 3) to base 5
122
Convert -100 (base 3) to base 15.
-9
5b (base 12) to base 8
107
35 (base 6) to base 2
10111
173 (base 9) to base 2
10010011
Convert -2 (base 8) to base 10.
-2
What is 11 (base 2) in base 16?
3
Convert 4 (base 9) to base 5.
4
89 (base 15) to base 14
93
Convert -14 (base 7) to base 10.
-11
4 (base 5) to base 16
4
Convert -1 (base 6) to base 8.
-1
Convert 16a (base 12) to base 15.
101
What is -111 (base 2) in base 8?
-7
11012 (base 3) to base 8
161
254 (base 7) to base 10
137
Convert -29 (base 14) to base 13.
-2b
What is 2 (base 7) in base 11?
2
What is -5 (base 10) in base 11?
-5
Convert 89 (base 11) to base 6.
241
Convert -2 (base 4) to base 5.
-2
-10 (base 5) to base 12
-5
Convert 1 (base 6) to base 15.
1
Convert -11 (base 2) to base 16.
-3
What is 0 (base 9) in base 15?
0
0 (base 6) to base 8
0
What is 42 (base 10) in base 8?
52
Convert -403 (base 8) to base 5.
-2014
Convert 43 (base 5) to base 15.
18
What is 2 (base 10) in base 14?
2
Convert 145 (base 10) to base 2.
10010001
What is -1 (base 4) in base 8?
-1
What is 267 (base 9) in base 14?
11d
-16 (base 14) to base 10
-20
What is a4 (base 12) in base 3?
11121
What is 13 (base 12) in base 6?
23
-8 (base 12) to base 8
-10
-3 (base 5) to base 13
-3
What is -8 (base 15) in base 4?
-20
Convert 17 (base 16) to base 15.
18
3 (base 14) to base 6
3
Convert 4 (base 15) to base 9.
4
What is -a (base 13) in base 10?
-10
Convert -1 (base 15) to base 6.
-1
1 (base 9) to base 6
1
What is 0 (base 15) in base 5?
0
15 (base 16) to base 13
18
What is 7 (base 8) in base 14?
7
81 (base 10) to base 13
63
-20 (base 3) to base 8
-6
21 (base 13) to base 11
25
-13 (base 5) to base 3
-22
Convert -39 (base 15) to base 16.
-36
What is 0 (base 10) in base 4?
0
What is 1111 (base 3) in base 7?
55
1a (base 13) to base 14
19
-2 (base 13) to base 16
-2
-110 (base 9) to base 3
-10100
Convert 2 (base 11) to base 12.
2
-171 (base 8) to base 6
-321
What is -4 (base 14) in base 5?
-4
Convert -101 (base 3) to base 16.
-a
0 (base 14) to base 6
0
Convert -6 (base 9) to base 13.
-6
What is 12220 (base 3) in base 4?
2133
Convert -5 (base 15) to base 9.
-5
Convert 348 (base 10) to base 3.
110220
-133 (base 8) to base 11
-83
Convert 10 (base 3) to base 10.
3
Convert -2012 (base 4) to base 5.
-1014
What is 3 (base 7) in base 3?
10
What is -10001001 (base 2) in base 4?
-2021
What is -1111 (base 3) in base 11?
-37
-1 (base 2) to base 4
-1
Convert 1 (base 2) to base 8.
1
-4c (base 14) to base 15
-48
Convert 23 (base 11) to base 15.
1a
132 (base 7) to base 9
80
21 (base 4) to base 7
12
What is ae (base 16) in base 12?
126
Convert -4 (base 16) to base 13.
-4
Convert -8 (base 13) to base 3.
-22
Convert -100 (base 2) to base 15.
-4
Convert 1 (base 15) to base 4.
1
Convert -117 (base 10) to base 15.
-7c
Convert -1 (base 14) to base 4.
-1
What is -30 (base 13) in base 10?
-39
What is -5 (base 13) in base 10?
-5
21 (base 4) to base 13
9
82 (base 9) to base 10
74
Convert -4 (base 6) to base 9.
-4
What is 7 (base 11) in base 9?
7
What is -315 (base 11) in base 12?
-277
Convert 2 (base 5) to base 6.
2
What is 1 (base 5) in base 16?
1
What is 1011 (base 5) in base 6?
335
Convert -53 (base 10) to base 11.
-49
Convert -26 (base 12) to base 13.
-24
14 (base 6) to base 16
a
3 (base 6) to base 13
3
Convert -111 (base 5) to base 14.
-23
3 (base 11) to base 10
3
1 (base 5) to base 9
1
-11112 (base 3) to base 9
-145
Convert 14 (base 11) to base 3.
120
-79 (base 11) to base 16
-56
What is -3 (base 9) in b